/(-6). What is the remainder when k(c) is divided by 13?
10
Let k(y) = y**3 + 11*y**2 + 14. What is the remainder when k(-11) is divided by 4?
2
Let h(y) = -3*y - 20. Let z(b) = -5*b - 30. Let m(n) = 7*h(n) - 5*z(n). Let g = 18 - -2. What is the remainder when m(7) is divided by g?
18
Let n = 31 - 28. Calculate the remainder when 12 is divided by n.
0
Calculate the remainder when 15 is divided by 16/4 - 0 - -4.
7
Let u(j) = j**3 + 8*j**2 + 5*j - 11. What is the remainder when u(-5) is divided by 20?
19
Suppose -3*n - 5 = 5*b, -3*b - 2*b - 10 = 4*n. Let g = 3 + b. Suppose 0*o = -4*a - 4*o + 28, g*o - 28 = -4*a. Calculate the remainder when a is divided by 4.
3
Let q(b) = -b**3 - 7*b**2 - 7*b + 4. Calculate the remainder when 67 is divided by q(-6).
7
Suppose 3 = -2*m + 13. Suppose 4*t = m*v - 32 - 39, 0 = -v - 3*t - 1. What is the remainder when v is divided by (6/8)/((-8)/(-64))?
5
Let g(h) be the second derivative of -3*h**3 + 3*h**2 + 2*h. Calculate the remainder when g(-3) is divided by 31.
29
Let u(w) = w - 2. Let o be u(5). Suppose o - 33 = -3*n + 5*d, -3*n - 2*d = -30. What is the remainder when 38 is divided by n?
8
Let h = 5 - 2. Suppose -c + 28 = h*c. What is the remainder when c is divided by 5?
2
Suppose 3*h + 6 = l, -2 = -3*l - 3*h + 28. Suppose 3*g - 3*w + 8*w - 9 = 0, 4*g + 4*w = 12. What is the remainder when l is divided by (-2)/g + 51/9?
4
Let k(o) = -o - 8. What is the remainder when k(-9) is divided by 2/(0 - 4/(-2))?
0
Let p(f) = 4*f - 13. What is the remainder when 59 is divided by p(7)?
14
Let j(g) = 3*g + 6. Suppose -2*t + 2 = -4. What is the remainder when j(t) is divided by 9?
6
Let o(d) be the second derivative of d**3 + 3*d**2/2 + 8*d. Calculate the remainder when o(3) is divided by 6.
3
Let z(h) = -21*h**3 - 2*h**2 - 3*h - 5. What is the remainder when z(-2) is divided by 54?
53
Suppose -s - 4*s - 30 = 0. What is the remainder when 11 is divided by 2/s + 171/27?
5
Suppose 5*b - 6 = -4*g, -18 = -2*g + b + 4*b. Calculate the remainder when 23 is divided by g.
3
Suppose 583 = 17*i - 6*i. What is the remainder when i is divided by 27?
26
Suppose -3*n + 5*k = -28, -2*n + 0*n + 5*k = -17. What is the remainder when 42 is divided by n?
9
Let s(n) = n**3 + 5*n**2 - n - 4. Let j be ((-3)/6 - 0)*10. Let w be s(j). Let q = 8 - w. Calculate the remainder when 12 is divided by q.
5
Suppose 2*i + h + 2*h - 8 = 0, 0 = -2*i + 2*h + 8. Calculate the remainder when 5 is divided by i.
1
Let m(i) = 2*i**3 + 3*i**2 - 2*i - 1. Suppose 0 = -o + 4*u + 10, 2 = 4*o + 5*u + 4. What is the remainder when m(o) is divided by 12?
11
Suppose 3*c = -5*v + 104, -4*v = 14 + 6. Suppose 102 = 4*y + 8*g - 6*g, 0 = -4*y - 5*g + 117. What is the remainder when c is divided by y?
20
Let d be 1*(0 - -2)*-1. Let f = -15 - -16. What is the remainder when -2*(-2)/(6 + d) is divided by f?
0
Suppose 0 = 2*a - 8 + 2. Suppose -w - 2*w - a*c + 57 = 0, 3*w - 43 = 4*c. What is the remainder when w is divided by 9?
8
Let v(u) = u**2 - 4*u + 3. Calculate the remainder when 27 is divided by v(5).
3
Let j(l) = l**3 - 6*l**2 - l + 11. Let o(n) = n + 5. What is the remainder when o(9) is divided by j(6)?
4
Suppose 2*n + 2*a = -36, 0*a + 5 = -a. Let w = -9 - n. Calculate the remainder when 10 is divided by w.
2
Let d = -41 - -71. What is the remainder when 118 is divided by d?
28
Let s(z) = -z**2 - 4*z + 1. Let n be s(-3). Calculate the remainder when 34 is divided by n + 10 + -1 + -1.
10
Suppose 0 = 5*l - 4*w - 33, 0 = -5*l - w + 13 + 10. Calculate the remainder when 11 is divided by l.
1
What is the remainder when 25 is divided by (9/(-6))/(9/(-30))?
0
Suppose -2*i - 2*i + 268 = 0. Suppose -4*s = 3*z - i, -z + 5*s - 40 = -3*z. Calculate the remainder when z is divided by 7.
4
Let j be 0 - (17 + -5 + 3). Let z = j - -25. Calculate the remainder when z is divided by 3.
1
Let a = -6 - -19. Suppose 0 = 4*f - 84 - 88. Let b = f - 6. Calculate the remainder when b is divided by a.
11
Let r(f) = f**2 - 9*f + 6. Suppose 4*y = y + 30. What is the remainder when r(11) is divided by y?
8
Let h(w) = 3*w. Let q(u) = u**3 - 6*u**2 - 7*u + 4. Let c be q(7). Calculate the remainder when 47 is divided by h(c).
11
Let x(s) = s**2 + s - 1. Let i(b) = -9*b**2 - 11*b + 13. Let v(j) = -i(j) - 6*x(j). What is the remainder when v(-6) is divided by 24?
23
Suppose -77 + 60 = -c. Suppose -4*k = 4*n - 40, 5*k - n = -3*n + 35. What is the remainder when c is divided by k?
2
Let m(g) = -30*g - 16. What is the remainder when m(-3) is divided by 15?
14
Suppose s - 4*z - 1 = 0, s + 3*s + 5*z - 46 = 0. What is the remainder when 288/11 - 12/66 is divided by s?
8
What is the remainder when 27 is divided by (-7)/21 + 3/(18/62)?
7
Let j = 0 - -2. Suppose 6 = -5*h + t - j*t, -2*h = -3*t - 1. What is the remainder when 31 is divided by h/((-3)/6) - -9?
9
Let z = 16 - 5. What is the remainder when 42 is divided by z?
9
Suppose 3*q - 3*n - 179 = 163, -3*q + 366 = 5*n. What is the remainder when q is divided by 17?
15
Suppose -u + 0*n = -2*n - 26, 5*u - 55 = -5*n. Suppose -t + 2*v = -49, 3*t - 125 = -2*v + 6. What is the remainder when t is divided by u?
13
Let a(p) = -p**3 + 13*p**2 + 17*p + 4. What is the remainder when a(14) is divided by 17?
12
Let w(z) = -z. Suppose 0 = -4*b + p + 5, 2*b + 0*p + 2 = 2*p. Calculate the remainder when w(-4) is divided by (b + 1)/(9/9).
1
Suppose -4*r = 1 + 11. Let s = r + 13. Suppose 2*g = 16 + 22. Calculate the remainder when g is divided by s.
9
Let g(v) = -v**3 - 11*v**2 - 10*v - 22. Calculate the remainder when g(-11) is divided by 13.
10
Let w(g) = 50*g**2. What is the remainder when w(-1) is divided by ((-374)/(-44))/((-2)/(-4))?
16
Suppose 3*u = 2*u. Suppose -6*b + 3*b + 24 = u. What is the remainder when 29 is divided by b?
5
Let t = -79 + 153. Suppose -55 = -b + t. What is the remainder when b is divided by 33?
30
Let x be 3 - (-2 - (3 + -3)). Suppose x*p = 3*p. Suppose -t + 66 + 3 = p. Calculate the remainder when t is divided by 18.
15
Let s(i) = -87*i. What is the remainder when s(-1) is divided by 30?
27
Let d(l) = 7*l**2 - l. What is the remainder when 10 is divided by d(1)?
4
Let z(m) = -3*m + m**2 - 2 + 2*m - 2*m + m. Calculate the remainder when z(5) is divided by 7.
6
Suppose -1 = 3*z - 22. Calculate the remainder when 26 is divided by z.
5
Suppose -c = c - 4. Suppose 0 = -2*b - c, 54 = 3*j - 4*b + 164. Let t = 65 + j. What is the remainder when t is divided by 14?
13
Suppose 3*c - 3 = 5*g - g, g - 2*c = -7. Suppose -2*i - 2*i - 4*m = -16, g = -m. Suppose -4 = -2*p + 2. Calculate the remainder when i is divided by p.
1
Let o(g) = -3*g - 3. What is the remainder when 114/(-4)*(-16)/24 + -3 is divided by o(-3)?
4
Suppose 0 = 5*h - 4*v - 101, h + 2*h - 2*v = 59. Let u = 93 + -60. What is the remainder when u is divided by h?
16
Let b = -15 + 17. Suppose -2*w = -3*s - 0*s, -b = 5*s - 4*w. What is the remainder when s is divided by 1?
0
Suppose -5*q - 7 = -102. Calculate the remainder when q is divided by 8.
3
Let m(c) = -c**3 - 8*c**2 - 13*c + 2. What is the remainder when 18 is divided by m(-6)?
2
Let k = 17 - -7. Calculate the remainder when 69 is divided by k.
21
Let v = 3 + 0. Suppose 0 = -4*c - 20, 0 = 4*h + v*c - 1 - 0. Suppose 2*d - h = -0. What is the remainder when 4 is divided by d?
0
Let r(x) = x**3 + 2*x**2 - x. Calculate the remainder when r(3) is divided by 22.
20
Let u = -11 + 12. Suppose 0*j = -2*j. Suppose j = -4*s + 8. What is the remainder when s is divided by u?
0
What is the remainder when 29 is divided by (-2*8)/((-5)/(-15)*-6)?
5
Suppose 3*g - 25 = 17. Let n be 3/(9/(-30))*-1. What is the remainder when 19 is divided by (3 + n/(-4))*g?
5
Calculate the remainder when (23/(-2))/((-5)/10) is divided by 82/7 + 20/70.
11
Let j(y) = 3*y - 2. Suppose 17 = 3*q - 2*n, -n = -4*q + 3*n + 24. Let r = 16 - 9. Calculate the remainder when j(q) is divided by r.
6
Let h = 22 - 15. Suppose 4*y = 2*t + 108, -y + 4*t - t = -27. What is the remainder when y is divided by h?
6
Let m = -12 + 16. Suppose 5*q = 4*w + 70, w = -m*q + 6*w + 56. What is the remainder when 40 is divided by q?
12
Let b = 25 - 0. Calculate the remainder when b is divided by 7.
4
Let p = -4 + 11. What is the remainder when 18 is divided by p?
4
Let w = 2 + 2. Suppose 7 = k + 4*j, -w